{"id":16,"date":"2020-02-21T11:25:52","date_gmt":"2020-02-21T11:25:52","guid":{"rendered":"http:\/\/waffen-schroeter.de\/?page_id=16"},"modified":"2020-02-21T11:39:23","modified_gmt":"2020-02-21T11:39:23","slug":"impressum-kontakt","status":"publish","type":"page","link":"https:\/\/waffen-schroeter.de\/?page_id=16","title":{"rendered":"Impressum \/ Kontakt"},"content":{"rendered":"\n<h3 class=\"wp-block-heading\"><strong>F\u00fcr den Inhalt verantwortlich:<\/strong><\/h3>\n\n\n\n\n\n<p>&nbsp;Waffenhandel Schr\u00f6ter&nbsp;<\/p>\n\n\n\n<h3 class=\"wp-block-heading\"><strong>Firmensitz\/ Adresse<\/strong><\/h3>\n\n\n\n<p>&nbsp;Inhaber: Marcel Schr\u00f6ter (B\u00fcchsenmachermeister)<\/p>\n\n\n\n<p>Hinterstr. 27<br>99735 Werther<br>Tel.: 03631\/603208<br>E-Mail: info ( a t ) waffen-schroeter.de<\/p>\n\n\n\n<h3 class=\"wp-block-heading\"><br><strong>Umsatzsteuer-Identifikationsnummer<\/strong><\/h3>\n\n\n\n<p>DE 308 014 348<\/p>\n\n\n\n<h3 class=\"wp-block-heading\"><strong>Zust\u00e4ndige Handwerkskammer<\/strong><\/h3>\n\n\n\n<p>Handwerkskammer Erfurt<br>Fischmarkt 13<br>99084 Erfurt<br>&nbsp;<\/p>\n\n\n\n<h3 class=\"wp-block-heading\"><strong>Zust\u00e4ndige Aufsichtsbeh\u00f6rde<\/strong><\/h3>\n\n\n\n<p><strong>Waffenrecht:<\/strong><br>Landratsamt Nordhausen<br>FG Erlaubniswesen <br>Behringstr. 3<br>99734 Nordhausen<br>Tel. 03631\/911365<br><br><strong>Sprengstoff:<\/strong><br>Th\u00fcringer Landesamt f\u00fcr Verbraucherschutz<br>Dezernat 21 Erfurt<br>Linderbacher Weg 30<br>99099 Erfurt<br><br><br>\u00a0<\/p>\n\n\n\n<h3 class=\"wp-block-heading\"><strong>Berufsverb\u00e4nde<\/strong><\/h3>\n\n\n\n<p>Wir sind Mitglied bei folgenden Berufsverb\u00e4nden:<br><br>&#8211; VDB &#8211; Verband deutscher B\u00fcchsenmacher und Waffenfachh\u00e4ndler e.V.<br><br>&nbsp;<\/p>\n\n\n\n<h3 class=\"wp-block-heading\"><strong>Haftungsausschluss<\/strong><\/h3>\n\n\n\n<p>Trotz\n sorgf\u00e4ltiger Pr\u00fcfung k\u00f6nnen wir keine Haftung f\u00fcr die Inhalte externer \nLinks \u00fcbernehmen. F\u00fcr den Inhalt diese Seiten sind ausschlie\u00dflich deren \nBetreiber verantwortlich.<\/p>\n","protected":false},"excerpt":{"rendered":"<p>F\u00fcr den Inhalt verantwortlich: &nbsp;Waffenhandel Schr\u00f6ter&nbsp; Firmensitz\/ Adresse &nbsp;Inhaber: Marcel Schr\u00f6ter (B\u00fcchsenmachermeister) Hinterstr. 2799735 WertherTel.: 03631\/603208E-Mail: info ( a t ) waffen-schroeter.de Umsatzsteuer-Identifikationsnummer DE 308 014 348 Zust\u00e4ndige Handwerkskammer Handwerkskammer ErfurtFischmarkt 1399084 Erfurt&nbsp; Zust\u00e4ndige Aufsichtsbeh\u00f6rde Waffenrecht:Landratsamt NordhausenFG Erlaubniswesen Behringstr. 399734 NordhausenTel. 03631\/911365 Sprengstoff:Th\u00fcringer Landesamt f\u00fcr VerbraucherschutzDezernat 21 ErfurtLinderbacher Weg 3099099 Erfurt \u00a0 Berufsverb\u00e4nde Wir sind &hellip; <\/p>\n<p class=\"link-more\"><a href=\"https:\/\/waffen-schroeter.de\/?page_id=16\" class=\"more-link\"><span class=\"screen-reader-text\">\u201eImpressum \/ Kontakt\u201c<\/span> weiterlesen<\/a><\/p>\n","protected":false},"author":1,"featured_media":0,"parent":0,"menu_order":0,"comment_status":"closed","ping_status":"closed","template":"","meta":{"footnotes":""},"class_list":["post-16","page","type-page","status-publish","hentry"],"_links":{"self":[{"href":"https:\/\/waffen-schroeter.de\/index.php?rest_route=\/wp\/v2\/pages\/16","targetHints":{"allow":["GET"]}}],"collection":[{"href":"https:\/\/waffen-schroeter.de\/index.php?rest_route=\/wp\/v2\/pages"}],"about":[{"href":"https:\/\/waffen-schroeter.de\/index.php?rest_route=\/wp\/v2\/types\/page"}],"author":[{"embeddable":true,"href":"https:\/\/waffen-schroeter.de\/index.php?rest_route=\/wp\/v2\/users\/1"}],"replies":[{"embeddable":true,"href":"https:\/\/waffen-schroeter.de\/index.php?rest_route=%2Fwp%2Fv2%2Fcomments&post=16"}],"version-history":[{"count":3,"href":"https:\/\/waffen-schroeter.de\/index.php?rest_route=\/wp\/v2\/pages\/16\/revisions"}],"predecessor-version":[{"id":68,"href":"https:\/\/waffen-schroeter.de\/index.php?rest_route=\/wp\/v2\/pages\/16\/revisions\/68"}],"wp:attachment":[{"href":"https:\/\/waffen-schroeter.de\/index.php?rest_route=%2Fwp%2Fv2%2Fmedia&parent=16"}],"curies":[{"name":"wp","href":"https:\/\/api.w.org\/{rel}","templated":true}]}}